{"id":1129,"date":"2022-12-07T11:55:37","date_gmt":"2022-12-07T11:55:37","guid":{"rendered":"http:\/\/www.splekawica.pl\/?page_id=1129"},"modified":"2022-12-15T12:59:30","modified_gmt":"2022-12-15T12:59:30","slug":"pomoc","status":"publish","type":"page","link":"https:\/\/www.splekawica.pl\/index.php\/pomoc\/","title":{"rendered":"Pomoc"},"content":{"rendered":"\n<p><strong>Psycholog<\/strong>&nbsp;&#8211; Pani Anna Majchrzak Korydylewska:<br>I i IV poniedzia\u0142ek miesi\u0105ca w godz. 15.30-18.00<br><br><strong>Psychoterapeuci<\/strong>: \/tel. 33 879 79 31\/<br>Pani Jolanta Miko\u0142ajek:<\/p>\n\n\n\n<p>wtorki: 15.30-17.00 &#8211; grupa dla os\u00f3b wsp\u00f3\u0142uzale\u017cnionych,<br>&nbsp; &nbsp; &nbsp; &nbsp; &nbsp; &nbsp; &nbsp;17.00-19.00 &#8211; grupa dla os\u00f3b uzale\u017cnionych od alkoholu<br>&nbsp; &nbsp; &nbsp; &nbsp; &nbsp; &nbsp; &nbsp;19.00-20.00 &#8211; konsultacje terapeutyczne z ofiarami i sprawcami przemocy domowej<br><br>soboty: 14.30-16.00 &#8211; konsultacje indywidualne<br>&nbsp; &nbsp; &nbsp; &nbsp; &nbsp; &nbsp; &nbsp; &nbsp;16.00-18.00 &#8211; grupa dla os\u00f3b uzale\u017cnionych od alkoholu<br><br>Urz\u0119dzie Gminy w Stryszowie pok\u00f3j nr 2 dy\u017curuje<strong>&nbsp;Dzielnicowy<\/strong>&nbsp;\/tel. 33 879 74 12\/:<br>w ka\u017cd\u0105 \u015brod\u0119 o godz. 09.00-12.00<br>w I sobot\u0119 miesi\u0105ca: 11.00-14.00<br><br><strong>Cz\u0142onek GKRPA<\/strong>: tel. 517 303 338<br>I poniedzia\u0142ek miesi\u0105ca: 09.00-10.30<br>III poniedzia\u0142ek miesi\u0105ca: 13.00-14.30<br><br><strong>O\u015brodek Interwencji Kryzysowej w Suchej Beskidzkiej<\/strong>: mediator, psycholog, pedagog od poniedzia\u0142ku do pi\u0105tku w godz. 07.00-19.00&nbsp; \/tel. 33 874 21 01\/<br><br><strong>O\u015brodek Interwencji Kryzysowej w Radoczy<\/strong>: psycholog, pedagog od poniedzia\u0142ku do pi\u0105tku w godz. 08.00-20.00 \/tel. 33 873 10 01\/<br><br>na&nbsp;<strong>Komisariacie Policji w Kalwarii Zebrzydowskiej<\/strong>: ca\u0142odobowo tel. 47 33 27 450.<\/p>\n\n\n\n<hr class=\"wp-block-separator has-alpha-channel-opacity\"\/>\n\n\n\n<p><strong>Telefon zaufania Rzecznika Praw Dziecka.<\/strong>&nbsp;<\/p>\n\n\n\n<p><strong>Nowy bezp\u0142atny numer, pod kt\u00f3rym dzieci i m\u0142odzie\u017c b\u0119d\u0105 mog\u0142y otrzyma\u0107 wsparcie psychologiczne, to<\/strong>&nbsp;<strong>800 12 12 12.<\/strong>&nbsp;<strong>Telefon&nbsp;i czat internetowy b\u0119d\u0105 czynne przez ca\u0142\u0105 dob\u0119, siedem dni w tygodniu.&nbsp;<\/strong>Czat nie wymaga logowania oraz instalowania \u017cadnej aplikacji. Po\u0142\u0105czenia telefonicznie nadal pozostan\u0105 bezp\u0142atne, a rozm\u00f3wcy b\u0119d\u0105 mieli zapewnion\u0105 dyskrecj\u0119 i anonimowo\u015b\u0107.&nbsp;<\/p>\n\n\n\n<hr class=\"wp-block-separator has-alpha-channel-opacity\"\/>\n\n\n\n<p><strong>Telefon zaufania dla dzieci i m\u0142odzie\u017cy TPD (Towarzystwo Przyjaci\u00f3\u0142 Dzieci)<\/strong><br>&nbsp;800 119 119<br><br>Telefon dzia\u0142a codziennie w godz. 14-22.<br>Po\u0142\u0105czenia s\u0105 bezp\u0142atne i anonimowe.<br><br>Na linii dy\u017curuj\u0105 psycholodzy i terapeuci.<br><br>Kontakt z psychologiem mo\u017cliwy jest r\u00f3wnie\u017c poprzez<br>&nbsp;Czat zaufania TPD&nbsp; na stronie internetowej&nbsp;&nbsp;800119119.pl<\/p>\n","protected":false},"excerpt":{"rendered":"<p>Psycholog&nbsp;&#8211; Pani Anna Majchrzak Korydylewska:I i IV poniedzia\u0142ek miesi\u0105ca w godz. 15.30-18.00 Psychoterapeuci: \/tel. 33 879 79 31\/Pani Jolanta Miko\u0142ajek: [&hellip;]<\/p>\n","protected":false},"author":1,"featured_media":0,"parent":0,"menu_order":0,"comment_status":"closed","ping_status":"closed","template":"page-templates\/full-width-container.php","meta":{"_uag_custom_page_level_css":"","footnotes":""},"class_list":["post-1129","page","type-page","status-publish","hentry"],"uagb_featured_image_src":{"full":false,"thumbnail":false,"medium":false,"medium_large":false,"large":false,"1536x1536":false,"2048x2048":false,"bizberg_medium":false,"bizberg_gallery":false,"bizberg_blog_list":false,"bizberg_detail_image":false,"bizberg_detail_image_no_sidebar":false,"bizberg_portfolio_homepage":false,"bizberg_blog_list_no_sidebar_1":false},"uagb_author_info":{"display_name":"admin","author_link":"https:\/\/www.splekawica.pl\/index.php\/author\/admin\/"},"uagb_comment_info":0,"uagb_excerpt":"Psycholog&nbsp;&#8211; Pani Anna Majchrzak Korydylewska:I i IV poniedzia\u0142ek miesi\u0105ca w godz. 15.30-18.00 Psychoterapeuci: \/tel. 33 879 79 31\/Pani Jolanta Miko\u0142ajek: [&hellip;]","_links":{"self":[{"href":"https:\/\/www.splekawica.pl\/index.php\/wp-json\/wp\/v2\/pages\/1129","targetHints":{"allow":["GET"]}}],"collection":[{"href":"https:\/\/www.splekawica.pl\/index.php\/wp-json\/wp\/v2\/pages"}],"about":[{"href":"https:\/\/www.splekawica.pl\/index.php\/wp-json\/wp\/v2\/types\/page"}],"author":[{"embeddable":true,"href":"https:\/\/www.splekawica.pl\/index.php\/wp-json\/wp\/v2\/users\/1"}],"replies":[{"embeddable":true,"href":"https:\/\/www.splekawica.pl\/index.php\/wp-json\/wp\/v2\/comments?post=1129"}],"version-history":[{"count":2,"href":"https:\/\/www.splekawica.pl\/index.php\/wp-json\/wp\/v2\/pages\/1129\/revisions"}],"predecessor-version":[{"id":1391,"href":"https:\/\/www.splekawica.pl\/index.php\/wp-json\/wp\/v2\/pages\/1129\/revisions\/1391"}],"wp:attachment":[{"href":"https:\/\/www.splekawica.pl\/index.php\/wp-json\/wp\/v2\/media?parent=1129"}],"curies":[{"name":"wp","href":"https:\/\/api.w.org\/{rel}","templated":true}]}}