{"id":11423,"date":"2026-03-27T11:09:32","date_gmt":"2026-03-27T11:09:32","guid":{"rendered":"https:\/\/www.splekawica.pl\/?page_id=11423"},"modified":"2026-04-27T11:53:24","modified_gmt":"2026-04-27T11:53:24","slug":"deklaracja-dostepnosci","status":"publish","type":"page","link":"https:\/\/www.splekawica.pl\/index.php\/deklaracja-dostepnosci\/","title":{"rendered":"Deklaracja dost\u0119pno\u015bci"},"content":{"rendered":"\n<h2 class=\"wp-block-heading\">Deklaracja Dost\u0119pno\u015bci strony splekawica.pl<\/h2>\n\n\n\n<p>Szko\u0142a Podstawowa im. Romana Jab\u0142o\u0144skiego w \u0141\u0119kawicy zobowi\u0105zuje si\u0119 zapewni\u0107 dost\u0119pno\u015b\u0107 swojej strony internetowej zgodnie z przepisami ustawy z dnia 4 kwietnia 2019 r. o dost\u0119pno\u015bci cyfrowej stron internetowych i aplikacji mobilnych podmiot\u00f3w publicznych.<\/p>\n\n\n\n<h3 class=\"wp-block-heading\">Status pod wzgl\u0119dem zgodno\u015bci cyfrowej<\/h3>\n\n\n\n<p>Strona internetowa <strong>splekawica.pl<\/strong> jest <strong>cz\u0119\u015bciowo zgodna<\/strong> z ustaw\u0105 o dost\u0119pno\u015bci cyfrowej stron internetowych i aplikacji mobilnych podmiot\u00f3w publicznych z powodu niezgodno\u015bci lub wy\u0142\u0105cze\u0144 wymienionych poni\u017cej:<\/p>\n\n\n\n<ul class=\"wp-block-list\">\n<li>Cz\u0119\u015b\u0107 plik\u00f3w PDF, DOC lub innych dokument\u00f3w mo\u017ce nie by\u0107 w pe\u0142ni dost\u0119pna cyfrowo (brak odpowiedniej struktury nag\u0142\u00f3wkowej lub opis\u00f3w alternatywnych).<\/li>\n\n\n\n<li>Niekt\u00f3re zdj\u0119cia i grafiki mog\u0105 nie posiada\u0107 tekst\u00f3w alternatywnych.<\/li>\n\n\n\n<li>Niekt\u00f3re elementy wideo mog\u0105 nie posiada\u0107 napis\u00f3w dla os\u00f3b nies\u0142ysz\u0105cych.<\/li>\n<\/ul>\n\n\n\n<h3 class=\"wp-block-heading\">Data sporz\u0105dzenia Deklaracji i metoda oceny<\/h3>\n\n\n\n<p>Deklaracj\u0119 sporz\u0105dzono dnia: <strong>27 marca 2026 r.<\/strong> Deklaracja zosta\u0142a poddana przegl\u0105dowi i aktualizacji dnia: <strong>27 marca 2026 r.<\/strong><\/p>\n\n\n\n<p>Oceny zapewnienia dost\u0119pno\u015bci dokonano na podstawie <strong>samooceny<\/strong> przeprowadzonej przez podmiot publiczny.<\/p>\n\n\n\n<h3 class=\"wp-block-heading\">Skr\u00f3ty klawiszowe<\/h3>\n\n\n\n<p>Na stronie internetowej mo\u017cna korzysta\u0107 ze standardowych skr\u00f3t\u00f3w klawiszowych przegl\u0105darki.<\/p>\n\n\n\n<hr class=\"wp-block-separator has-alpha-channel-opacity\"\/>\n\n\n\n<h2 class=\"wp-block-heading\">Informacje zwrotne i dane kontaktowe<\/h2>\n\n\n\n<p>W przypadku problem\u00f3w z dost\u0119pno\u015bci\u0105 strony internetowej prosimy o kontakt. Osob\u0105 kontaktow\u0105 jest administrator strony lub dyrektor szko\u0142y.<\/p>\n\n\n\n<ul class=\"wp-block-list\">\n<li><strong>E-mail:<\/strong> sekretariat@splekawica.pl<\/li>\n\n\n\n<li><strong>Telefon:<\/strong> &nbsp;(033) 879-77-26<\/li>\n<\/ul>\n\n\n\n<p>Ka\u017cdy ma prawo do wyst\u0105pienia z \u017c\u0105daniem zapewnienia dost\u0119pno\u015bci cyfrowej strony internetowej lub jej elementu. W \u017c\u0105daniu nale\u017cy poda\u0107:<\/p>\n\n\n\n<ol start=\"1\" class=\"wp-block-list\">\n<li>Dane kontaktowe osoby zg\u0142aszaj\u0105cej.<\/li>\n\n\n\n<li>Wskazanie strony lub elementu strony, kt\u00f3ry ma by\u0107 udost\u0119pniony.<\/li>\n\n\n\n<li>Preferowany spos\u00f3b kontaktu.<\/li>\n<\/ol>\n\n\n\n<p>Podmiot publiczny powinien zrealizowa\u0107 \u017c\u0105danie niezw\u0142ocznie, nie p\u00f3\u017aniej ni\u017c w ci\u0105gu 7 dni od dnia wyst\u0105pienia z \u017c\u0105daniem. Je\u017celi zapewnienie dost\u0119pno\u015bci cyfrowej nie jest mo\u017cliwe w tym terminie, podmiot publiczny niezw\u0142ocznie informuje o tym wnosz\u0105cego \u017c\u0105danie oraz wskazuje termin, w kt\u00f3rym zapewni dost\u0119pno\u015b\u0107 (nie d\u0142u\u017cszy ni\u017c 2 miesi\u0105ce od dnia wyst\u0105pienia z \u017c\u0105daniem).<\/p>\n\n\n\n<h3 class=\"wp-block-heading\">Procedura odwo\u0142awcza<\/h3>\n\n\n\n<p>W przypadku, gdy podmiot publiczny odm\u00f3wi realizacji \u017c\u0105dania zapewnienia dost\u0119pno\u015bci lub alternatywnego sposobu dost\u0119pu do informacji, wnosz\u0105cy \u017c\u0105danie mo\u017ce z\u0142o\u017cy\u0107 skarg\u0119 w sprawie zapewniana dost\u0119pno\u015bci cyfrowej strony internetowej lub jej elementu.<\/p>\n\n\n\n<p>Po wyczerpaniu wskazanej wy\u017cej procedury mo\u017cna tak\u017ce z\u0142o\u017cy\u0107 wniosek do <strong>Rzecznika Praw Obywatelskich<\/strong> (www.rpo.gov.pl).<\/p>\n\n\n\n<hr class=\"wp-block-separator has-alpha-channel-opacity\"\/>\n\n\n\n<h2 class=\"wp-block-heading\">Dost\u0119pno\u015b\u0107 architektoniczna<\/h2>\n\n\n\n<p><strong>Szko\u0142a Podstawowa im. Romana Jab\u0142o\u0144skiego w \u0141\u0119kawicy, \u0141\u0119kawica 19; 34-124<\/strong><\/p>\n\n\n\n<p>W budynku nie ma dostosowa\u0144 dla os\u00f3b niepe\u0142nosprawnych (budynek nie posiada wind a korytarz dolny i g\u00f3rny \u0142\u0105czy klatka schodowa).<br>Na korytarzach znajduj\u0105 si\u0119 plany ewakuacyjne oraz oznaczenia drogi ewakuacji w formie znak\u00f3w.<br>Na terenie szko\u0142y znajduje si\u0119 parking dla samochod\u00f3w osobowych z miejscem parkingowym dla os\u00f3b niepe\u0142nosprawnych.<br>W szkole nie ma mo\u017cliwo\u015bci skorzystania z t\u0142umacza j\u0119zyka migowego.<\/p>\n\n\n\n<p><\/p>\n","protected":false},"excerpt":{"rendered":"<p>Deklaracja Dost\u0119pno\u015bci strony splekawica.pl Szko\u0142a Podstawowa im. Romana Jab\u0142o\u0144skiego w \u0141\u0119kawicy zobowi\u0105zuje si\u0119 zapewni\u0107 dost\u0119pno\u015b\u0107 swojej strony internetowej zgodnie z [&hellip;]<\/p>\n","protected":false},"author":1,"featured_media":0,"parent":0,"menu_order":0,"comment_status":"closed","ping_status":"closed","template":"page-templates\/full-width-container.php","meta":{"_uag_custom_page_level_css":"","footnotes":""},"class_list":["post-11423","page","type-page","status-publish","hentry"],"uagb_featured_image_src":{"full":false,"thumbnail":false,"medium":false,"medium_large":false,"large":false,"1536x1536":false,"2048x2048":false,"bizberg_medium":false,"bizberg_gallery":false,"bizberg_blog_list":false,"bizberg_detail_image":false,"bizberg_detail_image_no_sidebar":false,"bizberg_portfolio_homepage":false,"bizberg_blog_list_no_sidebar_1":false},"uagb_author_info":{"display_name":"admin","author_link":"https:\/\/www.splekawica.pl\/index.php\/author\/admin\/"},"uagb_comment_info":0,"uagb_excerpt":"Deklaracja Dost\u0119pno\u015bci strony splekawica.pl Szko\u0142a Podstawowa im. Romana Jab\u0142o\u0144skiego w \u0141\u0119kawicy zobowi\u0105zuje si\u0119 zapewni\u0107 dost\u0119pno\u015b\u0107 swojej strony internetowej zgodnie z [&hellip;]","_links":{"self":[{"href":"https:\/\/www.splekawica.pl\/index.php\/wp-json\/wp\/v2\/pages\/11423","targetHints":{"allow":["GET"]}}],"collection":[{"href":"https:\/\/www.splekawica.pl\/index.php\/wp-json\/wp\/v2\/pages"}],"about":[{"href":"https:\/\/www.splekawica.pl\/index.php\/wp-json\/wp\/v2\/types\/page"}],"author":[{"embeddable":true,"href":"https:\/\/www.splekawica.pl\/index.php\/wp-json\/wp\/v2\/users\/1"}],"replies":[{"embeddable":true,"href":"https:\/\/www.splekawica.pl\/index.php\/wp-json\/wp\/v2\/comments?post=11423"}],"version-history":[{"count":2,"href":"https:\/\/www.splekawica.pl\/index.php\/wp-json\/wp\/v2\/pages\/11423\/revisions"}],"predecessor-version":[{"id":11432,"href":"https:\/\/www.splekawica.pl\/index.php\/wp-json\/wp\/v2\/pages\/11423\/revisions\/11432"}],"wp:attachment":[{"href":"https:\/\/www.splekawica.pl\/index.php\/wp-json\/wp\/v2\/media?parent=11423"}],"curies":[{"name":"wp","href":"https:\/\/api.w.org\/{rel}","templated":true}]}}

Deklaracja dostępności

<h2 class="wp-block-heading">Deklaracja Dostępności strony splekawica.pl</h2>



<p>Szkoła Podstawowa im. Romana Jabłońskiego w Łękawicy zobowiązuje się zapewnić dostępność swojej strony internetowej zgodnie z przepisami ustawy z dnia 4 kwietnia 2019 r. o dostępności cyfrowej stron internetowych i aplikacji mobilnych podmiotów publicznych.</p>



<h3 class="wp-block-heading">Status pod względem zgodności cyfrowej</h3>



<p>Strona internetowa <strong>splekawica.pl</strong> jest <strong>częściowo zgodna</strong> z ustawą o dostępności cyfrowej stron internetowych i aplikacji mobilnych podmiotów publicznych z powodu niezgodności lub wyłączeń wymienionych poniżej:</p>



<ul class="wp-block-list">
<li>Część plików PDF, DOC lub innych dokumentów może nie być w pełni dostępna cyfrowo (brak odpowiedniej struktury nagłówkowej lub opisów alternatywnych).</li>



<li>Niektóre zdjęcia i grafiki mogą nie posiadać tekstów alternatywnych.</li>



<li>Niektóre elementy wideo mogą nie posiadać napisów dla osób niesłyszących.</li>
</ul>



<h3 class="wp-block-heading">Data sporządzenia Deklaracji i metoda oceny</h3>



<p>Deklarację sporządzono dnia: <strong>27 marca 2026 r.</strong> Deklaracja została poddana przeglądowi i aktualizacji dnia: <strong>27 marca 2026 r.</strong></p>



<p>Oceny zapewnienia dostępności dokonano na podstawie <strong>samooceny</strong> przeprowadzonej przez podmiot publiczny.</p>



<h3 class="wp-block-heading">Skróty klawiszowe</h3>



<p>Na stronie internetowej można korzystać ze standardowych skrótów klawiszowych przeglądarki.</p>



<hr class="wp-block-separator has-alpha-channel-opacity"/>



<h2 class="wp-block-heading">Informacje zwrotne i dane kontaktowe</h2>



<p>W przypadku problemów z dostępnością strony internetowej prosimy o kontakt. Osobą kontaktową jest administrator strony lub dyrektor szkoły.</p>



<ul class="wp-block-list">
<li><strong>E-mail:</strong> sekretariat@splekawica.pl</li>



<li><strong>Telefon:</strong> &nbsp;(033) 879-77-26</li>
</ul>



<p>Każdy ma prawo do wystąpienia z żądaniem zapewnienia dostępności cyfrowej strony internetowej lub jej elementu. W żądaniu należy podać:</p>



<ol start="1" class="wp-block-list">
<li>Dane kontaktowe osoby zgłaszającej.</li>



<li>Wskazanie strony lub elementu strony, który ma być udostępniony.</li>



<li>Preferowany sposób kontaktu.</li>
</ol>



<p>Podmiot publiczny powinien zrealizować żądanie niezwłocznie, nie później niż w ciągu 7 dni od dnia wystąpienia z żądaniem. Jeżeli zapewnienie dostępności cyfrowej nie jest możliwe w tym terminie, podmiot publiczny niezwłocznie informuje o tym wnoszącego żądanie oraz wskazuje termin, w którym zapewni dostępność (nie dłuższy niż 2 miesiące od dnia wystąpienia z żądaniem).</p>



<h3 class="wp-block-heading">Procedura odwoławcza</h3>



<p>W przypadku, gdy podmiot publiczny odmówi realizacji żądania zapewnienia dostępności lub alternatywnego sposobu dostępu do informacji, wnoszący żądanie może złożyć skargę w sprawie zapewniana dostępności cyfrowej strony internetowej lub jej elementu.</p>



<p>Po wyczerpaniu wskazanej wyżej procedury można także złożyć wniosek do <strong>Rzecznika Praw Obywatelskich</strong> (www.rpo.gov.pl).</p>



<hr class="wp-block-separator has-alpha-channel-opacity"/>



<h2 class="wp-block-heading">Dostępność architektoniczna</h2>



<p><strong>Szkoła Podstawowa im. Romana Jabłońskiego w Łękawicy, Łękawica 19; 34-124</strong></p>



<p>W budynku nie ma dostosowań dla osób niepełnosprawnych (budynek nie posiada wind a korytarz dolny i górny łączy klatka schodowa).<br>Na korytarzach znajdują się plany ewakuacyjne oraz oznaczenia drogi ewakuacji w formie znaków.<br>Na terenie szkoły znajduje się parking dla samochodów osobowych z miejscem parkingowym dla osób niepełnosprawnych.<br>W szkole nie ma możliwości skorzystania z tłumacza języka migowego.</p>



<p></p>

<p>Deklaracja Dostępności strony splekawica.pl Szkoła Podstawowa im. Romana Jabłońskiego w Łękawicy zobowiązuje się zapewnić dostępność swojej strony internetowej zgodnie z [&hellip;]</p>

Deklaracja Dostępności strony splekawica.pl Szkoła Podstawowa im. Romana Jabłońskiego w Łękawicy zobowiązuje się zapewnić dostępność swojej strony internetowej zgodnie z [&hellip;]
