{"id":1152,"date":"2022-12-07T12:24:11","date_gmt":"2022-12-07T12:24:11","guid":{"rendered":"http:\/\/www.splekawica.pl\/?page_id=1152"},"modified":"2025-03-17T14:10:47","modified_gmt":"2025-03-17T14:10:47","slug":"projekt-2","status":"publish","type":"page","link":"https:\/\/www.splekawica.pl\/index.php\/projekt-2\/","title":{"rendered":"Projekty"},"content":{"rendered":"\n<p class=\"wp-block-paragraph\">Od pa\u017adziernika w naszej szkole realizowany jest Program Profilaktyczny &#8222;GODZINA DLA M\u0141ODYCH G\u0141\u00d3W&#8221;, kt\u00f3ry ma na celu wsparcie dzieci i m\u0142odzie\u017cy, a tak\u017ce nauczycieli i nauczycielek, w dzia\u0142aniach z obszaru profilaktyki zdrowia psychicznego.<\/p>\n\n\n\n<p class=\"wp-block-paragraph\">Program profilaktyczny: \u201eGodzina dla M\u0141ODYCH G\u0141\u00d3W\u201d jest to cykl lekcji, kt\u00f3re b\u0119d\u0105 si\u0119 odbywa\u0142y raz w miesi\u0105cu od pa\u017adziernika do ko\u0144ca roku szkolnego 2023\/2024.<\/p>\n\n\n\n<p class=\"wp-block-paragraph\">Program ma za zadanie wspiera\u0107 dzieci i m\u0142odzie\u017c, a tak\u017ce nauczycieli i <a><\/a>nauczycielki w obszarze zdrowia psychicznego.<\/p>\n\n\n\n<p class=\"wp-block-paragraph\">Cele programu:<\/p>\n\n\n\n<p class=\"wp-block-paragraph\">&#8211; przygotowanie dzieci i m\u0142odzie\u017cy do rozmowy z uwzgl\u0119dnieniem umiej\u0119tno\u015bci rozpoznania czterech podstawowych emocji i okre\u015blenia w\u0142asnych potrzeb;<\/p>\n\n\n\n<p class=\"wp-block-paragraph\">&#8211; budowanie samo\u015bwiadomo\u015bci i dobrostanu w\u015br\u00f3d uczni\u00f3w;<\/p>\n\n\n\n<p class=\"wp-block-paragraph\">&#8211; normalizacja tematu si\u0119gania po specjalistyczn\u0105 pomoc;<\/p>\n\n\n\n<p class=\"wp-block-paragraph\">&#8211; pokazanie oraz wyja\u015bnienie dzieciom i m\u0142odzie\u017cy jak udziela\u0107 komu\u015b pomocy i jak samemu sobie radzi\u0107 w pewnych sytuacjach;<\/p>\n\n\n\n<p class=\"wp-block-paragraph\">&#8211; profilaktyka dotycz\u0105ca zachowa\u0144 autodestrukcyjnych w\u015br\u00f3d dzieci i m\u0142odzie\u017cy;<\/p>\n\n\n\n<p class=\"wp-block-paragraph\">&#8211; edukacja i dzia\u0142ania profilaktyczne;<\/p>\n\n\n\n<p class=\"wp-block-paragraph\">Link do strony projektu: <a href=\"https:\/\/l.facebook.com\/l.php?u=https%3A%2F%2Fmlodeglowy.pl%2F&amp;h=AT1DR19oY5ZfiCGbbdxMi7Ux05bzVlu9y_uOJ-q7SsJ7kpiEB0q_vEyiP3_IpxGYPNZ2iKgp9OGegyDWy1CL0kn_fWe0JGtB1R5swH8aGMY_p20e6VuVRy4UVJrzLFhcwJBK3q7al8uV3OM8cKsu&amp;__tn__=-UK-R&amp;c[0]=AT31eUbGKC7FW_38dVKgSVhukzAR6zy9xGXcoN3EPK7apuRKaEBILP2jp3dgUe_dlGkel82XWcZ6tDDmJSQvTrio5qWOf4dB8AqABFZKMcmz4kD0uGlGUn8KaRJUIZjTNatRljOyH59fJgPXrSsXEIVou7EaJpV_6YcarQeHsuq3PMzMM-6ZIoVZrMw2nARITLVl5V8qleyhw2Z7cMxvsHvzmo6lU4QDqlfu\" rel=\"noreferrer noopener\" target=\"_blank\">https:\/\/mlodeglowy.pl\/<\/a><\/p>\n\n\n\n<p class=\"wp-block-paragraph\">Link do materia\u0142\u00f3w dla rodzic\u00f3w: <a href=\"https:\/\/mlodeglowy.pl\/kompendium\/jestem-rodzicem\/\" target=\"_blank\" rel=\"noreferrer noopener\">https:\/\/mlodeglowy.pl\/kompendium\/jestem-rodzicem\/<\/a><\/p>\n\n\n\n<figure class=\"wp-block-image size-large\"><img loading=\"lazy\" decoding=\"async\" width=\"1024\" height=\"500\" src=\"https:\/\/www.splekawica.pl\/wp-content\/uploads\/2023\/12\/image-1024x500.png\" alt=\"\" class=\"wp-image-4838\" srcset=\"https:\/\/www.splekawica.pl\/wp-content\/uploads\/2023\/12\/image-1024x500.png 1024w, https:\/\/www.splekawica.pl\/wp-content\/uploads\/2023\/12\/image-300x146.png 300w, https:\/\/www.splekawica.pl\/wp-content\/uploads\/2023\/12\/image-768x375.png 768w, https:\/\/www.splekawica.pl\/wp-content\/uploads\/2023\/12\/image.png 1080w\" sizes=\"auto, (max-width: 1024px) 100vw, 1024px\" \/><\/figure>\n\n\n\n\n","protected":false},"excerpt":{"rendered":"<p>Od pa\u017adziernika w naszej szkole realizowany jest Program Profilaktyczny &#8222;GODZINA DLA M\u0141ODYCH G\u0141\u00d3W&#8221;, kt\u00f3ry ma na celu wsparcie dzieci i [&hellip;]<\/p>\n","protected":false},"author":1,"featured_media":0,"parent":0,"menu_order":0,"comment_status":"closed","ping_status":"closed","template":"page-templates\/full-width-container.php","meta":{"_uag_custom_page_level_css":"","footnotes":""},"class_list":["post-1152","page","type-page","status-publish","hentry"],"uagb_featured_image_src":{"full":false,"thumbnail":false,"medium":false,"medium_large":false,"large":false,"1536x1536":false,"2048x2048":false,"bizberg_medium":false,"bizberg_gallery":false,"bizberg_blog_list":false,"bizberg_detail_image":false,"bizberg_detail_image_no_sidebar":false,"bizberg_portfolio_homepage":false,"bizberg_blog_list_no_sidebar_1":false},"uagb_author_info":{"display_name":"admin","author_link":"https:\/\/www.splekawica.pl\/index.php\/author\/admin\/"},"uagb_comment_info":0,"uagb_excerpt":"Od pa\u017adziernika w naszej szkole realizowany jest Program Profilaktyczny &#8222;GODZINA DLA M\u0141ODYCH G\u0141\u00d3W&#8221;, kt\u00f3ry ma na celu wsparcie dzieci i [&hellip;]","_links":{"self":[{"href":"https:\/\/www.splekawica.pl\/index.php\/wp-json\/wp\/v2\/pages\/1152","targetHints":{"allow":["GET"]}}],"collection":[{"href":"https:\/\/www.splekawica.pl\/index.php\/wp-json\/wp\/v2\/pages"}],"about":[{"href":"https:\/\/www.splekawica.pl\/index.php\/wp-json\/wp\/v2\/types\/page"}],"author":[{"embeddable":true,"href":"https:\/\/www.splekawica.pl\/index.php\/wp-json\/wp\/v2\/users\/1"}],"replies":[{"embeddable":true,"href":"https:\/\/www.splekawica.pl\/index.php\/wp-json\/wp\/v2\/comments?post=1152"}],"version-history":[{"count":4,"href":"https:\/\/www.splekawica.pl\/index.php\/wp-json\/wp\/v2\/pages\/1152\/revisions"}],"predecessor-version":[{"id":9012,"href":"https:\/\/www.splekawica.pl\/index.php\/wp-json\/wp\/v2\/pages\/1152\/revisions\/9012"}],"wp:attachment":[{"href":"https:\/\/www.splekawica.pl\/index.php\/wp-json\/wp\/v2\/media?parent=1152"}],"curies":[{"name":"wp","href":"https:\/\/api.w.org\/{rel}","templated":true}]}}

<p class="wp-block-paragraph">Od października w naszej szkole realizowany jest Program Profilaktyczny &#8222;GODZINA DLA MŁODYCH GŁÓW&#8221;, który ma na celu wsparcie dzieci i młodzieży, a także nauczycieli i nauczycielek, w działaniach z obszaru profilaktyki zdrowia psychicznego.</p>



<p class="wp-block-paragraph">Program profilaktyczny: „Godzina dla MŁODYCH GŁÓW” jest to cykl lekcji, które będą się odbywały raz w miesiącu od października do końca roku szkolnego 2023/2024.</p>



<p class="wp-block-paragraph">Program ma za zadanie wspierać dzieci i młodzież, a także nauczycieli i <a></a>nauczycielki w obszarze zdrowia psychicznego.</p>



<p class="wp-block-paragraph">Cele programu:</p>



<p class="wp-block-paragraph">&#8211; przygotowanie dzieci i młodzieży do rozmowy z uwzględnieniem umiejętności rozpoznania czterech podstawowych emocji i określenia własnych potrzeb;</p>



<p class="wp-block-paragraph">&#8211; budowanie samoświadomości i dobrostanu wśród uczniów;</p>



<p class="wp-block-paragraph">&#8211; normalizacja tematu sięgania po specjalistyczną pomoc;</p>



<p class="wp-block-paragraph">&#8211; pokazanie oraz wyjaśnienie dzieciom i młodzieży jak udzielać komuś pomocy i jak samemu sobie radzić w pewnych sytuacjach;</p>



<p class="wp-block-paragraph">&#8211; profilaktyka dotycząca zachowań autodestrukcyjnych wśród dzieci i młodzieży;</p>



<p class="wp-block-paragraph">&#8211; edukacja i działania profilaktyczne;</p>



<p class="wp-block-paragraph">Link do strony projektu: <a href="https://l.facebook.com/l.php?u=https%3A%2F%2Fmlodeglowy.pl%2F&amp;h=AT1DR19oY5ZfiCGbbdxMi7Ux05bzVlu9y_uOJ-q7SsJ7kpiEB0q_vEyiP3_IpxGYPNZ2iKgp9OGegyDWy1CL0kn_fWe0JGtB1R5swH8aGMY_p20e6VuVRy4UVJrzLFhcwJBK3q7al8uV3OM8cKsu&amp;__tn__=-UK-R&amp;c[0]=AT31eUbGKC7FW_38dVKgSVhukzAR6zy9xGXcoN3EPK7apuRKaEBILP2jp3dgUe_dlGkel82XWcZ6tDDmJSQvTrio5qWOf4dB8AqABFZKMcmz4kD0uGlGUn8KaRJUIZjTNatRljOyH59fJgPXrSsXEIVou7EaJpV_6YcarQeHsuq3PMzMM-6ZIoVZrMw2nARITLVl5V8qleyhw2Z7cMxvsHvzmo6lU4QDqlfu" rel="noreferrer noopener" target="_blank">https://mlodeglowy.pl/</a></p>



<p class="wp-block-paragraph">Link do materiałów dla rodziców: <a href="https://mlodeglowy.pl/kompendium/jestem-rodzicem/" target="_blank" rel="noreferrer noopener">https://mlodeglowy.pl/kompendium/jestem-rodzicem/</a></p>



<figure class="wp-block-image size-large"><img loading="lazy" decoding="async" width="1024" height="500" src="https://www.splekawica.pl/wp-content/uploads/2023/12/image-1024x500.png" alt="" class="wp-image-4838" srcset="https://www.splekawica.pl/wp-content/uploads/2023/12/image-1024x500.png 1024w, https://www.splekawica.pl/wp-content/uploads/2023/12/image-300x146.png 300w, https://www.splekawica.pl/wp-content/uploads/2023/12/image-768x375.png 768w, https://www.splekawica.pl/wp-content/uploads/2023/12/image.png 1080w" sizes="auto, (max-width: 1024px) 100vw, 1024px" /></figure>

<p>Od października w naszej szkole realizowany jest Program Profilaktyczny &#8222;GODZINA DLA MŁODYCH GŁÓW&#8221;, który ma na celu wsparcie dzieci i [&hellip;]</p>

Od października w naszej szkole realizowany jest Program Profilaktyczny &#8222;GODZINA DLA MŁODYCH GŁÓW&#8221;, który ma na celu wsparcie dzieci i [&hellip;]
