{"id":927,"date":"2022-12-01T12:14:44","date_gmt":"2022-12-01T12:14:44","guid":{"rendered":"http:\/\/www.splekawica.pl\/?page_id=927"},"modified":"2025-09-05T10:08:24","modified_gmt":"2025-09-05T10:08:24","slug":"plan-lekcji","status":"publish","type":"page","link":"https:\/\/www.splekawica.pl\/index.php\/plan-lekcji\/","title":{"rendered":"Plan lekcji"},"content":{"rendered":"\n<p><\/p>\n\n\n\n<h2 class=\"wp-block-heading\"><strong>Plan lekcji w roku szkolnym 2025\/2026&nbsp;<\/strong><\/h2>\n\n\n\n<p><\/p>\n\n\n\n<h2 class=\"wp-block-heading\">Klasa 1&nbsp;<\/h2>\n\n\n\n<figure class=\"wp-block-table\"><table><tbody><tr><td><strong>L.p.<\/strong><\/td><td><strong>Godziny<\/strong><\/td><td><strong>Poniedzia\u0142ek<\/strong><\/td><td><strong>Wtorek<\/strong><\/td><td><strong>\u015aroda<\/strong><\/td><td><strong>Czwartek<\/strong><\/td><td><strong>Pi\u0105tek<\/strong><\/td><\/tr><tr><td>1<\/td><td>&nbsp;8.00 &#8211; 8.45<\/td><td>&nbsp;zinteg.\/wf<\/td><td>zinteg.\/wf<\/td><td>&nbsp;zinteg.\/wf<\/td><td>&nbsp;j. angielski<\/td><td>zintegrowana<\/td><\/tr><tr><td>2<\/td><td>&nbsp;8.55 &#8211; 9.40<\/td><td>&nbsp;zintegrowana<\/td><td>&nbsp;zintegrowana<\/td><td>&nbsp;zintegrowana<\/td><td>zintegrowana&nbsp;<\/td><td>zintegrowana<\/td><\/tr><tr><td>3<\/td><td>&nbsp; 9.50 &#8211; 10.35<\/td><td>&nbsp;religia<\/td><td>&nbsp;zintegrowana<\/td><td>zintegrowana<\/td><td>&nbsp;zintegrowana<\/td><td>j. angielski<\/td><\/tr><tr><td>4<\/td><td>&nbsp;10.45 &#8211; 11.30<\/td><td>&nbsp;gimn. korekcyjna<\/td><td>&nbsp;informatyka<\/td><td>&nbsp;zintegrowana<\/td><td>&nbsp;zintegrowana<\/td><td>zintegrowana<\/td><\/tr><tr><td>5<\/td><td>&nbsp;11.45 &#8211; 12.30<\/td><td>&nbsp;<\/td><td><em>&nbsp;z. dydak. wyr\u00f3wn.<\/em><\/td><td>&nbsp;<em>k. artystyczne<\/em><\/td><td>&nbsp;zintegrowana<\/td><td>zintegrowana<\/td><\/tr><tr><td>6<\/td><td>&nbsp;12.40 &#8211; 13.25<\/td><td><em>&nbsp;<\/em><\/td><td>&nbsp;<\/td><td><em>z. korekcyjno-kompens.<\/em><\/td><td><em>SKS<\/em><\/td><td>&nbsp;<\/td><\/tr><tr><td>7<\/td><td>&nbsp;13.35 &#8211; 14.20<\/td><td>&nbsp;<\/td><td>&nbsp;<\/td><td>&nbsp;<\/td><td><\/td><td>&nbsp;<\/td><\/tr><tr><td>8<\/td><td>&nbsp;14.30 &#8211; 15.15<\/td><td>&nbsp;<\/td><td>&nbsp;<\/td><td>&nbsp;<\/td><td>&nbsp;<\/td><td>&nbsp;<\/td><\/tr><\/tbody><\/table><\/figure>\n\n\n\n<h2 class=\"wp-block-heading\">Klasa 2&nbsp;<\/h2>\n\n\n\n<figure class=\"wp-block-table\"><table><tbody><tr><td><strong>L.p.<\/strong><\/td><td><strong>Godziny<\/strong><\/td><td><strong>Poniedzia\u0142ek<\/strong><\/td><td><strong>Wtorek<\/strong><\/td><td><strong>\u015aroda<\/strong><\/td><td><strong>Czwartek<\/strong><\/td><td><strong>Pi\u0105tek<\/strong><\/td><\/tr><tr><td>1<\/td><td>&nbsp;&nbsp;8.00 &#8211; 8.45<\/td><td>zintegrowana<\/td><td>zintegrowana<\/td><td>zintegrowana<\/td><td>zintegrowana<\/td><td>zintegr.\/wf<\/td><\/tr><tr><td>2<\/td><td>&nbsp;&nbsp;8.55 &#8211; 9.40<\/td><td>zintegrowana<\/td><td>zintegrowana<\/td><td>zintegrowana<\/td><td>zintegrowana<\/td><td>j. angielski<\/td><\/tr><tr><td>3<\/td><td>&nbsp; 9.50 &#8211; 10.35<\/td><td>&nbsp;zintegrowana<\/td><td>zintegrowana<\/td><td>zintegrowana<\/td><td>j. angielski<\/td><td>zintegrowana<\/td><\/tr><tr><td>4<\/td><td>&nbsp;10.45 &#8211; 11.30<\/td><td>&nbsp;religia<\/td><td>&nbsp;informatyka<\/td><td>zintegrowana<\/td><td>zinteg.\/wf<\/td><td>zintegrowana<\/td><\/tr><tr><td>5<\/td><td>&nbsp;11.45 &#8211; 12.30<\/td><td>&nbsp;wf.\/zinteg.<\/td><td>&nbsp;zintegrowana<\/td><td><em>k. artystyczne<\/em><\/td><td>&nbsp;<\/td><td><\/td><\/tr><tr><td>6<\/td><td>&nbsp;12.40 &#8211; 13.25<\/td><td>&nbsp;<em>gimn.korekcyjna<\/em><\/td><td><em>&nbsp;z. dydakt.-wyr\u00f3w.<\/em><\/td><td><em>zaj. korekcyjne -kompens.<\/em>&nbsp;&nbsp;<\/td><td><em>SKS<\/em><\/td><td>&nbsp;<\/td><\/tr><tr><td>7<\/td><td>&nbsp;13.35 &#8211; 14.20<\/td><td>&nbsp;<\/td><td>&nbsp;<\/td><td>&nbsp;<\/td><td><em>&nbsp;<\/em><\/td><td>&nbsp;<\/td><\/tr><tr><td>8<\/td><td>&nbsp;14.30 &#8211; 15.15<\/td><td>&nbsp;<\/td><td>&nbsp;<\/td><td>&nbsp;<\/td><td>&nbsp;<\/td><td>&nbsp;<\/td><\/tr><\/tbody><\/table><\/figure>\n\n\n\n<h2 class=\"wp-block-heading\">&nbsp;<\/h2>\n\n\n\n<h2 class=\"wp-block-heading\">Klasa 3&nbsp;<\/h2>\n\n\n\n<figure class=\"wp-block-table\"><table><tbody><tr><td><strong>L.p.<\/strong><\/td><td><strong>Godziny<\/strong><\/td><td><strong>Poniedzia\u0142ek<\/strong><\/td><td><strong>Wtorek<\/strong><\/td><td><strong>\u015aroda<\/strong><\/td><td><strong>Czwartek<\/strong><\/td><td><strong>Pi\u0105tek<\/strong><\/td><\/tr><tr><td>1<\/td><td>&nbsp;&nbsp;8.00 &#8211; 8.45<\/td><td>&nbsp;zintegrowana<\/td><td>zintegrowana<\/td><td>zintegrowana<\/td><td>religia<\/td><td>zintegr.\/wf<\/td><\/tr><tr><td>2<\/td><td>&nbsp;&nbsp;8.55 &#8211; 9.40<\/td><td>&nbsp;zintegrowana<\/td><td>zintegrowana<\/td><td>zintegrowana<\/td><td>&nbsp;zintegrowana<\/td><td>zintegrowana<\/td><\/tr><tr><td>3<\/td><td>&nbsp; 9.50 &#8211; 10.35<\/td><td>&nbsp;zinteg.\/w-f<\/td><td>informatyka<\/td><td>zintegrowana<\/td><td>&nbsp;zintegr.\/wf<\/td><td>zintegrowana<\/td><\/tr><tr><td>4<\/td><td>&nbsp;10.45 &#8211; 11.30<\/td><td>&nbsp;j. angielski<\/td><td>zintegrowana<\/td><td>zintegrowana<\/td><td>&nbsp;zintegrowana<\/td><td>j. angielski<\/td><\/tr><tr><td>5<\/td><td>&nbsp;11.45 &#8211; 12.30<\/td><td>&nbsp;zintegrowana&nbsp;<\/td><td><\/td><td><em>k. artystyczne<\/em><\/td><td>&nbsp;&nbsp;<\/td><td>zintegrowana<\/td><\/tr><tr><td>6<\/td><td>&nbsp;12.40 &#8211; 13.25<\/td><td>&nbsp;<em>gimn. korekcyjna<\/em><\/td><td>&nbsp;<em>zaj. dydakt. wyr\u00f3wn.<\/em><\/td><td><em>zaj. korekcyjno-komp.<\/em>&nbsp;<\/td><td>&nbsp;<em>SKS<\/em><\/td><td><\/td><\/tr><tr><td>7<\/td><td>&nbsp;13.35 &#8211; 14.20<\/td><td>&nbsp;<\/td><td>&nbsp;<\/td><td>&nbsp;<\/td><td>&nbsp;<\/td><td>&nbsp;<\/td><\/tr><tr><td>8<\/td><td>&nbsp;14.30 &#8211; 15.15<\/td><td>&nbsp;<\/td><td>&nbsp;<\/td><td>&nbsp;<\/td><td>&nbsp;<\/td><td>&nbsp;<\/td><\/tr><\/tbody><\/table><\/figure>\n\n\n\n<h2 class=\"wp-block-heading\">Klasa 4&nbsp;<\/h2>\n\n\n\n<figure class=\"wp-block-table\"><table><tbody><tr><td><strong>L.p.<\/strong><\/td><td><strong>Godziny<\/strong><\/td><td><strong>Poniedzia\u0142ek<\/strong><\/td><td><strong>Wtorek<\/strong><\/td><td><strong>\u015aroda<\/strong><\/td><td><strong>Czwartek<\/strong><\/td><td><strong>Pi\u0105tek<\/strong><\/td><\/tr><tr><td>1<\/td><td>&nbsp;&nbsp;8.00 &#8211; 8.45<\/td><td><\/td><td>&nbsp;ed. zdrowotna<\/td><td>&nbsp;matematyka<\/td><td>wf<\/td><td>j. angielski<\/td><\/tr><tr><td>2<\/td><td>&nbsp;&nbsp;8.55 &#8211; 9.40<\/td><td><\/td><td>&nbsp;j. polski<\/td><td>j. angielski<\/td><td>wf<\/td><td>godz. wychow.<\/td><\/tr><tr><td>3<\/td><td>&nbsp; 9.50 &#8211; 10.35<\/td><td>matematyka<\/td><td>&nbsp;przyroda<\/td><td>j. polski<\/td><td>przyroda<\/td><td>j. polski<\/td><\/tr><tr><td>4<\/td><td>&nbsp;10.45 &#8211; 11.30<\/td><td>&nbsp;j. angielski<\/td><td>&nbsp;historia<\/td><td>j. polski<\/td><td>religia<\/td><td>wf<\/td><\/tr><tr><td>5<\/td><td>&nbsp;11.45 &#8211; 12.30<\/td><td>&nbsp;technika<\/td><td>&nbsp;w-f<\/td><td>informatyka<\/td><td>matematyka<\/td><td>matematyka<\/td><\/tr><tr><td>6<\/td><td>&nbsp;12.40 &#8211; 13.25<\/td><td>&nbsp;j. polski<\/td><td>&nbsp;<\/td><td>&nbsp;<\/td><td>&nbsp;<\/td><td>plastyka<\/td><\/tr><tr><td>7<\/td><td>&nbsp;13.35 &#8211; 14.20<\/td><td>&nbsp;muzyka<\/td><td>&nbsp;<\/td><td>&nbsp;<\/td><td>&nbsp;<\/td><td>&nbsp;<\/td><\/tr><tr><td>8<\/td><td>&nbsp;14.30 &#8211; 15.15<\/td><td>&nbsp;<\/td><td>&nbsp;<\/td><td>&nbsp;<\/td><td>&nbsp;<\/td><td>&nbsp;<\/td><\/tr><\/tbody><\/table><\/figure>\n\n\n\n<h2 class=\"wp-block-heading\">&nbsp;<\/h2>\n\n\n\n<h2 class=\"wp-block-heading\">Klasa 5&nbsp;<\/h2>\n\n\n\n<figure class=\"wp-block-table\"><table><tbody><tr><td><strong>L.p.<\/strong><\/td><td><strong>Godziny<\/strong><\/td><td><strong>Poniedzia\u0142ek<\/strong><\/td><td><strong>Wtorek<\/strong><\/td><td><strong>\u015aroda<\/strong><\/td><td><strong>Czwartek<\/strong><\/td><td><strong>Pi\u0105tek<\/strong><\/td><\/tr><tr><td>1<\/td><td>&nbsp;&nbsp;8.00 &#8211; 8.45<\/td><td><\/td><td><\/td><td>&nbsp;<\/td><td>&nbsp;plastyka<\/td><td>ed. zdrowotna<\/td><\/tr><tr><td>2<\/td><td>&nbsp;&nbsp;8.55 &#8211; 9.40<\/td><td>religia<\/td><td>wf<\/td><td>informatyka<\/td><td>&nbsp;matematyka<\/td><td>wf<\/td><\/tr><tr><td>3<\/td><td>&nbsp; 9.50 &#8211; 10.35<\/td><td>technika<\/td><td>j. polski<\/td><td>j. angielski<\/td><td>&nbsp;geografia<\/td><td>muzyka<\/td><\/tr><tr><td>4<\/td><td>&nbsp;10.45 &#8211; 11.30<\/td><td>matematyka<\/td><td>j. polski<\/td><td>wf<\/td><td>&nbsp;historia<\/td><td>matematyka<\/td><\/tr><tr><td>5<\/td><td>&nbsp;11.45 &#8211; 12.30<\/td><td>j. angielski<\/td><td>historia<\/td><td>wf<\/td><td>&nbsp;j. polski<\/td><td>j. angielski<\/td><\/tr><tr><td>6<\/td><td>&nbsp;12.40 &#8211; 13.25<\/td><td>biologia<\/td><td>matematyka<\/td><td>j. polski<\/td><td>&nbsp;<\/td><td>j. polski<\/td><\/tr><tr><td>7<\/td><td>&nbsp;13.35 &#8211; 14.20<\/td><td>&nbsp;<\/td><td>&nbsp;godz. wychow.<\/td><td><\/td><td>&nbsp; <\/td><td>&nbsp;<\/td><\/tr><tr><td>8<\/td><td>&nbsp;14.30 &#8211; 15.15<\/td><td>&nbsp;<\/td><td>&nbsp;<\/td><td>&nbsp;<\/td><td>&nbsp;<\/td><td>&nbsp;<\/td><\/tr><\/tbody><\/table><\/figure>\n\n\n\n<h2 class=\"wp-block-heading\">Klasa 6&nbsp;<\/h2>\n\n\n\n<figure class=\"wp-block-table\"><table><tbody><tr><td><strong>L.p.<\/strong><\/td><td><strong>Godziny<\/strong><\/td><td><strong>Poniedzia\u0142ek<\/strong><\/td><td><strong>Wtorek<\/strong><\/td><td><strong>\u015aroda<\/strong><\/td><td><strong>Czwartek<\/strong><\/td><td><strong>Pi\u0105tek<\/strong><\/td><\/tr><tr><td>1<\/td><td>&nbsp;&nbsp;8.00 &#8211; 8.45<\/td><td>religia<\/td><td>&nbsp;ed. zdrowotna<\/td><td>informatyka gr. 1<\/td><td><em>ZDW matem.<\/em><\/td><td><\/td><\/tr><tr><td>2<\/td><td>&nbsp;&nbsp;8.55 &#8211; 9.40<\/td><td>j. polski<\/td><td>&nbsp;geografia<\/td><td>wf<\/td><td>j. angielski<\/td><td><\/td><\/tr><tr><td>3<\/td><td>&nbsp; 9.50 &#8211; 10.35<\/td><td>plastyka&nbsp;<\/td><td>&nbsp;j. angielski<\/td><td>wf<\/td><td>matematyka<\/td><td>informatyka gr. 2<\/td><\/tr><tr><td>4<\/td><td>&nbsp;10.45 &#8211; 11.30<\/td><td>muzyka<\/td><td>&nbsp;wf<\/td><td>matematyka<\/td><td>matematyka<\/td><td>matematyka<\/td><\/tr><tr><td>5<\/td><td>&nbsp;11.45 &#8211; 12.30<\/td><td>historia<\/td><td>&nbsp;j. polski<\/td><td>j. polski<\/td><td>biologia<\/td><td>godz. wych.<\/td><\/tr><tr><td>6<\/td><td>&nbsp;12.40 &#8211; 13.25<\/td><td><\/td><td>&nbsp;j. polski<\/td><td>historia<\/td><td>j. polski&nbsp;<\/td><td>j. angielski<\/td><\/tr><tr><td>7<\/td><td>&nbsp;13.35 &#8211; 14.20<\/td><td><\/td><td>&nbsp;matematyka<\/td><td>&nbsp;<\/td><td>&nbsp;wf<\/td><td>&nbsp;<\/td><\/tr><tr><td>8<\/td><td>&nbsp;14.30 &#8211; 15.15<\/td><td>&nbsp;<\/td><td>&nbsp;technika<\/td><td>&nbsp;<\/td><td>&nbsp;&nbsp;<\/td><td>&nbsp;<\/td><\/tr><\/tbody><\/table><\/figure>\n\n\n\n<h2 class=\"wp-block-heading\">&nbsp;<\/h2>\n\n\n\n<h2 class=\"wp-block-heading\">Klasa&nbsp; 7<\/h2>\n\n\n\n<figure class=\"wp-block-table\"><table><tbody><tr><td><strong>L.p.<\/strong><\/td><td><strong>Godziny<\/strong><\/td><td><strong>Poniedzia\u0142ek<\/strong><\/td><td><strong>Wtorek<\/strong><\/td><td><strong>\u015aroda<\/strong><\/td><td><strong>Czwartek<\/strong><\/td><td><strong>Pi\u0105tek<\/strong><\/td><\/tr><tr><td>1<\/td><td>&nbsp;&nbsp;8.00 &#8211; 8.45<\/td><td>matematyka<\/td><td>geografia<\/td><td><\/td><td>ed. zdrowotna<\/td><td>fizyka<\/td><\/tr><tr><td>2<\/td><td>&nbsp;&nbsp;8.55 &#8211; 9.40<\/td><td>godz. wychow.<\/td><td>j. niemiecki<\/td><td>matematyka<\/td><td>religia<\/td><td>j. polski<\/td><\/tr><tr><td>3<\/td><td>&nbsp; 9.50 &#8211; 10.35<\/td><td>j. angielski<\/td><td>wf<\/td><td>fizyka<\/td><td>j. angielski<\/td><td>matematyka<\/td><\/tr><tr><td>4<\/td><td>&nbsp;10.45 &#8211; 11.30<\/td><td>j. polski<\/td><td>j. angielski<\/td><td>j. angielski<\/td><td>j. polski<\/td><td>j. niemiecki<\/td><\/tr><tr><td>5<\/td><td>&nbsp;11.45 &#8211; 12.30<\/td><td>j. polski<\/td><td>matematyka<\/td><td>geografia<\/td><td>historia<\/td><td>wf<\/td><\/tr><tr><td>6<\/td><td>&nbsp;12.40 &#8211; 13.25<\/td><td>muzyka<\/td><td>chemia<\/td><td>wf<\/td><td>plastyka<\/td><td>wf<\/td><\/tr><tr><td>7<\/td><td>&nbsp;13.35 &#8211; 14.20<\/td><td>chemia<\/td><td>biologia<\/td><td>historia<\/td><td><\/td><td><\/td><\/tr><tr><td>8<\/td><td>&nbsp;14.30 &#8211; 15.15<\/td><td>biologia<\/td><td>informatyka<\/td><td>j. polski<\/td><td>&nbsp;<\/td><td>&nbsp;<\/td><\/tr><\/tbody><\/table><\/figure>\n\n\n\n<h2 class=\"wp-block-heading\">&nbsp;<\/h2>\n\n\n\n<h2 class=\"wp-block-heading\">Klasa&nbsp; 8<\/h2>\n\n\n\n<figure class=\"wp-block-table\"><table><tbody><tr><td><strong>L.p.<\/strong><\/td><td><strong>Godziny<\/strong><\/td><td><strong>Poniedzia\u0142ek<\/strong><\/td><td><strong>Wtorek<\/strong><\/td><td><strong>\u015aroda<\/strong><\/td><td><strong>Czwartek<\/strong><\/td><td><strong>Pi\u0105tek<\/strong><\/td><\/tr><tr><td>1<\/td><td>&nbsp;&nbsp;8.00 &#8211; 8.45<\/td><td><\/td><td>informatyka<\/td><td>ed. zdrowotna<\/td><td>matematyka<\/td><td>historia<\/td><\/tr><tr><td>2<\/td><td>&nbsp;&nbsp;8.55 &#8211; 9.40<\/td><td>matematyka<\/td><td>fizyka<\/td><td>j. polski<\/td><td>j. polski<\/td><td>j. angielski<\/td><\/tr><tr><td>3<\/td><td>&nbsp; 9.50 &#8211; 10.35<\/td><td>j. polski<\/td><td>geografia<\/td><td>matematyka<\/td><td>j. polski<\/td><td>wf<\/td><\/tr><tr><td>4<\/td><td>&nbsp;10.45 &#8211; 11.30<\/td><td>chemia<\/td><td>matematyka<\/td><td>WOS<\/td><td>j. angielski<\/td><td>j. polski<\/td><\/tr><tr><td>5<\/td><td>&nbsp;11.45 &#8211; 12.30<\/td><td>religia<\/td><td>j. angielski<\/td><td>j. niemiecki<\/td><td>j. niemiecki<\/td><td>j. polski<\/td><\/tr><tr><td>6<\/td><td>&nbsp;12.40 &#8211; 13.25<\/td><td>historia<\/td><td>godz. wychow.<\/td><td>fizyka<\/td><td>chemia<\/td><td>matematyka<\/td><\/tr><tr><td>7<\/td><td>&nbsp;13.35 &#8211; 14.20<\/td><td>WOS<\/td><td>&nbsp;wf<\/td><td>wf<\/td><td>biologia<\/td><td><\/td><\/tr><tr><td>8<\/td><td>&nbsp;14.30 &#8211; 15.15<\/td><td>DZ<\/td><td>&nbsp;wf<\/td><td><\/td><td>EDB<\/td><td><\/td><\/tr><\/tbody><\/table><\/figure>\n\n\n\n<p><\/p>\n","protected":false},"excerpt":{"rendered":"<p>Plan lekcji w roku szkolnym 2025\/2026&nbsp; Klasa 1&nbsp; L.p. Godziny Poniedzia\u0142ek Wtorek \u015aroda Czwartek Pi\u0105tek 1 &nbsp;8.00 &#8211; 8.45 &nbsp;zinteg.\/wf [&hellip;]<\/p>\n","protected":false},"author":1,"featured_media":0,"parent":0,"menu_order":0,"comment_status":"closed","ping_status":"closed","template":"page-templates\/full-width-container.php","meta":{"_uag_custom_page_level_css":"","footnotes":""},"class_list":["post-927","page","type-page","status-publish","hentry"],"uagb_featured_image_src":{"full":false,"thumbnail":false,"medium":false,"medium_large":false,"large":false,"1536x1536":false,"2048x2048":false,"bizberg_medium":false,"bizberg_gallery":false,"bizberg_blog_list":false,"bizberg_detail_image":false,"bizberg_detail_image_no_sidebar":false,"bizberg_portfolio_homepage":false,"bizberg_blog_list_no_sidebar_1":false},"uagb_author_info":{"display_name":"admin","author_link":"https:\/\/www.splekawica.pl\/index.php\/author\/admin\/"},"uagb_comment_info":0,"uagb_excerpt":"Plan lekcji w roku szkolnym 2025\/2026&nbsp; Klasa 1&nbsp; L.p. Godziny Poniedzia\u0142ek Wtorek \u015aroda Czwartek Pi\u0105tek 1 &nbsp;8.00 &#8211; 8.45 &nbsp;zinteg.\/wf [&hellip;]","_links":{"self":[{"href":"https:\/\/www.splekawica.pl\/index.php\/wp-json\/wp\/v2\/pages\/927","targetHints":{"allow":["GET"]}}],"collection":[{"href":"https:\/\/www.splekawica.pl\/index.php\/wp-json\/wp\/v2\/pages"}],"about":[{"href":"https:\/\/www.splekawica.pl\/index.php\/wp-json\/wp\/v2\/types\/page"}],"author":[{"embeddable":true,"href":"https:\/\/www.splekawica.pl\/index.php\/wp-json\/wp\/v2\/users\/1"}],"replies":[{"embeddable":true,"href":"https:\/\/www.splekawica.pl\/index.php\/wp-json\/wp\/v2\/comments?post=927"}],"version-history":[{"count":54,"href":"https:\/\/www.splekawica.pl\/index.php\/wp-json\/wp\/v2\/pages\/927\/revisions"}],"predecessor-version":[{"id":9923,"href":"https:\/\/www.splekawica.pl\/index.php\/wp-json\/wp\/v2\/pages\/927\/revisions\/9923"}],"wp:attachment":[{"href":"https:\/\/www.splekawica.pl\/index.php\/wp-json\/wp\/v2\/media?parent=927"}],"curies":[{"name":"wp","href":"https:\/\/api.w.org\/{rel}","templated":true}]}}