{"id":996,"date":"2022-12-02T12:04:48","date_gmt":"2022-12-02T12:04:48","guid":{"rendered":"http:\/\/www.splekawica.pl\/?page_id=996"},"modified":"2022-12-02T12:04:49","modified_gmt":"2022-12-02T12:04:49","slug":"lektury","status":"publish","type":"page","link":"https:\/\/www.splekawica.pl\/index.php\/lektury\/","title":{"rendered":"Lektury"},"content":{"rendered":"\n<h2 class=\"wp-block-heading\"><strong>Lista lektur w klasie 1<\/strong><\/h2>\n\n\n\n<ol class=\"wp-block-list\">\n<li>Jacob i Wilhelm Grimm, (oprac.) Bogus\u0142aw Michalec&nbsp;<em>Ja\u015b i Ma\u0142gosia<\/em><\/li>\n\n\n\n<li>Maria Kownacka,&nbsp;<em>Plastusiowy pami\u0119tnik<\/em><\/li>\n\n\n\n<li>Jan Brzechwa,&nbsp;<em>S\u00f3jka<\/em><\/li>\n\n\n\n<li>Jacob i Wilhelm Grimm,&nbsp;<em>Muzykanci z Bremy<\/em><\/li>\n\n\n\n<li>Hans Christian Andersen,&nbsp;<em>Nowe szaty cesarza<\/em><\/li>\n\n\n\n<li>Jan Brzechwa,&nbsp;<em>Le\u0144<\/em><\/li>\n\n\n\n<li>Jan Brzechwa,&nbsp;<em>\u017baba<\/em><\/li>\n\n\n\n<li>Waldemar Cicho\u0144,&nbsp;<em>Cukierku, ty \u0142obuzie!<\/em><\/li>\n\n\n\n<li>Charles Perrault,&nbsp;<em>\u015api\u0105ca kr\u00f3lewna<\/em><\/li>\n\n\n\n<li>Tove Jansson,&nbsp;<em>Opowiadania z Doliny Mumink\u00f3w<\/em><\/li>\n\n\n\n<li>Wanda Chotomska,&nbsp;<em>Legenda o Smoku ze Smoczej Jamy<\/em><\/li>\n\n\n\n<li>Jan Brzechwa,&nbsp;<em>Przyj\u015bcie lata<\/em><\/li>\n<\/ol>\n\n\n\n<h2 class=\"wp-block-heading\"><strong>Lista lektur w klasie 2<\/strong><\/h2>\n\n\n\n<ol class=\"wp-block-list\">\n<li>Hans Christian Andersen,&nbsp;<em>Brzydkie kacz\u0105tko<\/em><\/li>\n\n\n\n<li>Barbara Kosmowska,&nbsp;<em>Dziewczynka z parku<\/em><\/li>\n\n\n\n<li>Grzegorz Kasdepke,&nbsp;<em>Detektyw Pozytywka<\/em><\/li>\n\n\n\n<li>Danuta Wawi\u0142ow,<em>&nbsp;Najpi\u0119kniejsze wiersze<\/em><\/li>\n\n\n\n<li>Astrid Lindgren,&nbsp;<em>Dzieci z Bullerbyn<\/em><\/li>\n\n\n\n<li>Alina i Czes\u0142aw Centkiewiczowie,&nbsp;<em>Zaczarowana zagroda<\/em><\/li>\n\n\n\n<li>Justyna Bednarek,&nbsp;<em>Niesamowite przygody dziesi\u0119ciu skarpetek (czterech prawych i sze\u015bciu lewych)<\/em><\/li>\n\n\n\n<li>Hans Christian Andresen,&nbsp;<em>Calineczka<\/em><\/li>\n\n\n\n<li>Danuta Parlach,&nbsp;<em>Kapelusz Pani Wrony<\/em><\/li>\n\n\n\n<li>Maria Terlikowska,&nbsp;<em>Drzewo do samego nieba<\/em><\/li>\n\n\n\n<li>\u0141ukasz Wierzbicki,&nbsp;<em>Afryka Kazika<\/em><\/li>\n<\/ol>\n\n\n\n<h2 class=\"wp-block-heading\"><strong>Lista lektur w klasie 3<\/strong><\/h2>\n\n\n\n<ol class=\"wp-block-list\">\n<li>Hans Christian Andersen<em>&nbsp;Ba\u015bnie (do wyboru)<\/em><\/li>\n\n\n\n<li>Jan Brzechwa<em>&nbsp;Grzyby<\/em><\/li>\n\n\n\n<li>Roksana J\u0119drzejewska-Wr\u00f3bel<em>&nbsp;Siedmiu Wspania\u0142ych i sze\u015b\u0107 innych nie ca\u0142kiem nieznanych historii<\/em><\/li>\n\n\n\n<li>Ludwik Jerzy Kern<em>&nbsp;W kr\u00f3lestwie kot\u00f3w, \u0141apy pi\u00f3ra i rym\u00f3w ca\u0142a fura<\/em><\/li>\n\n\n\n<li>Maria Konopnicka<em>&nbsp;Jak to ze lnem by\u0142o<\/em><\/li>\n\n\n\n<li>Maria Kr\u00fcger<em>&nbsp;Dar rzeki Fly (wybrane ba\u015bnie i legendy)<\/em><\/li>\n\n\n\n<li>Joanna Kulmowa<em>&nbsp;Zimowe s\u0142owiki lub inny tom wierszy poetki, np. Krze\u015blaki z rozwian\u0105 grzyw\u0105<\/em><\/li>\n\n\n\n<li>Astrid Lindgren<em>&nbsp;Dzieci z Bullerbyn (fragmenty)<\/em><\/li>\n\n\n\n<li>Roman Pisarski<em>&nbsp;O psie, kt\u00f3ry je\u017adzi\u0142 kolej\u0105<\/em><\/li>\n\n\n\n<li>Gianni Rodari<em>&nbsp;Historyjki o Alicji, kt\u00f3ra ci\u0105gle wpada\u0142a w k\u0142opoty<\/em><\/li>\n\n\n\n<li>Maurice Sendak<em>&nbsp;Tam, gdzie \u017cyj\u0105 dzikie stwory<\/em><\/li>\n\n\n\n<li>Stefania Wortman<em>&nbsp;U z\u0142otego \u017ar\u00f3d\u0142a. Ba\u015bnie polskie (lub inny zbi\u00f3r polskich ba\u015bni i legend)<\/em><\/li>\n<\/ol>\n\n\n\n<h2 class=\"wp-block-heading\"><strong>Lista lektur w klasie 4<\/strong><\/h2>\n\n\n\n<p class=\"wp-block-paragraph\"><strong><u>Lektury obowi\u0105zkowe:<\/u><\/strong><\/p>\n\n\n\n<ol class=\"wp-block-list\">\n<li>\u201eAkademia Pana Kleksa\u201d Jan Brzechwa.<\/li>\n\n\n\n<li>\u201eKajko i Kokosz. Szko\u0142a latania.\u201d Janusz Christa.<\/li>\n\n\n\n<li>\u201eMiko\u0142ajek\u201d Ren\u00e9 Goscinny, Jean-Jacques Semp\u00e9.<\/li>\n\n\n\n<li>\u201eOpowie\u015bci z Narnii. Lew, czarownica i stara szafa\u201d Clive Staples Lewis.<\/li>\n<\/ol>\n\n\n\n<p class=\"wp-block-paragraph\"><strong><u>Lektury uzupe\u0142niaj\u0105ce:<\/u><\/strong><\/p>\n\n\n\n<ol class=\"wp-block-list\">\n<li>\u201eBia\u0142y Mustang\u201d Sat-Okh.<\/li>\n\n\n\n<li>\u201e Kr\u00f3l Maciu\u015b Pierwszy\u201d Janusz Korczak.<\/li>\n<\/ol>\n\n\n\n<h2 class=\"wp-block-heading\"><strong>Lista lektur w klasie 5<\/strong><\/h2>\n\n\n\n<p class=\"wp-block-paragraph\"><strong><u>Lektury obowi\u0105zkowe:<\/u><\/strong><\/p>\n\n\n\n<ol class=\"wp-block-list\">\n<li>\u201eCh\u0142opcy z Placu Broni\u201d Ferenc Molnar.<\/li>\n\n\n\n<li>\u201eW pustyni i w puszczy\u201d Henryk Sienkiewicz.<\/li>\n\n\n\n<li>\u201eKatarynka\u201d Boles\u0142aw Prus.<\/li>\n\n\n\n<li>\u201eW pami\u0119tniku Zofii Bobr\u00f3wny\u201d Juliusz S\u0142owacki.<\/li>\n<\/ol>\n\n\n\n<p class=\"wp-block-paragraph\"><strong><u>Lektury uzupe\u0142niaj\u0105ce:<\/u><\/strong><\/p>\n\n\n\n<ol class=\"wp-block-list\">\n<li>\u201eSpos\u00f3b na Alcybiadesa\u201d Edmund Niziurski.<\/li>\n\n\n\n<li>\u201eAnia z Zielonego Wzg\u00f3rza\u201d Lucy Maud Montgomery.<\/li>\n<\/ol>\n\n\n\n<h2 class=\"wp-block-heading\"><strong>Lista lektur w klasie 6<\/strong><\/h2>\n\n\n\n<p class=\"wp-block-paragraph\"><strong><u>Lektury obowi\u0105zkowe:<\/u><\/strong><\/p>\n\n\n\n<ol class=\"wp-block-list\">\n<li>\u201eTen obcy\u201d Irena Jurgielewiczowa.<\/li>\n\n\n\n<li>\u201eSzatan z si\u00f3dmej klasy\u201d Kornel Makuszy\u0144ski.<\/li>\n\n\n\n<li>\u201eHobbit, czyli tam i z powrotem\u201d John Ronald Reuel Tolkien.<\/li>\n\n\n\n<li>\u201eTajemniczy ogr\u00f3d\u201d Frances Hodgson Burnett.<\/li>\n<\/ol>\n\n\n\n<h2 class=\"wp-block-heading\"><strong>Lista lektur w klasie 7<\/strong><\/h2>\n\n\n\n<p class=\"wp-block-paragraph\"><strong><u>Lektury obowi\u0105zkowe:<\/u><\/strong><\/p>\n\n\n\n<ol class=\"wp-block-list\">\n<li>\u201eZemsta\u201d Aleksander Fredro.<\/li>\n\n\n\n<li>\u201eOpowie\u015b\u0107 wigilijna\u201d Charles Dickens.<\/li>\n\n\n\n<li>Reduta Ordona, \u015amier\u0107 Pu\u0142kownika, \u015awitezianka, Dziady (cz.II), wybrany utw\u00f3r z cyklu Sonety krymskie Adam Mickiewicz.<\/li>\n\n\n\n<li>\u201eSyzyfowe prace\u201d Stefan \u017beromski.<\/li>\n\n\n\n<li>\u201eQuo vadis\u201d Henryk Sienkiewicz.<\/li>\n\n\n\n<li>\u201e Latarnik\u201d Henryk Sienkiewicz.<\/li>\n\n\n\n<li>\u201e\u017bona modna\u201d Ignacy Krasicki.<\/li>\n<\/ol>\n\n\n\n<p class=\"wp-block-paragraph\"><strong><u>Lektury uzupe\u0142niaj\u0105ce:<\/u><\/strong><\/p>\n\n\n\n<ul class=\"wp-block-list\">\n<li>Dywizjon 303 \u2013 Arkady Fiedler<\/li>\n\n\n\n<li>Stary cz\u0142owiek i morze \u2013 Ernest Hemingway<\/li>\n<\/ul>\n\n\n\n<h2 class=\"wp-block-heading\"><strong>Lista lektur w klasie 8<\/strong><\/h2>\n\n\n\n<p class=\"wp-block-paragraph\"><strong><u>Lektury obowi\u0105zkowe:<\/u><\/strong><\/p>\n\n\n\n<ol class=\"wp-block-list\">\n<li>\u201eMa\u0142y Ksi\u0105\u017c\u0119\u201d Antoine de Saint-Exup\u00e9ry.<\/li>\n\n\n\n<li>\u201eArtysta\u201d S\u0142awomir Mro\u017cek.<\/li>\n\n\n\n<li>\u201eBalladyna\u201d Juliusz S\u0142owacki<\/li>\n\n\n\n<li>\u201eKamienie na szaniec\u201d Aleksander Kami\u0144ski.<\/li>\n\n\n\n<li>\u201ePan Tadeusz\u201d Adam Mickiewicz.<\/li>\n\n\n\n<li>\u201eZiele na kraterze\u201d (fragmenty), \u201eT\u0119dy i ow\u0119dy\u201d (wybrany reporta\u017c) Melchior Wa\u0144kowicz.<\/li>\n<\/ol>\n\n\n\n<p class=\"wp-block-paragraph\"><strong><u>Lektury uzupe\u0142niaj\u0105ce:<\/u><\/strong><\/p>\n\n\n\n<ul class=\"wp-block-list\">\n<li>\u201eOskar i pani R\u00f3\u017ca\u201d Eric-Emmanuel Schmitt.<\/li>\n\n\n\n<li>\u201ePami\u0119tnik z powstania warszawskiego\u201d Miron Bia\u0142oszewski.<\/li>\n<\/ul>\n","protected":false},"excerpt":{"rendered":"<p>Lista lektur w klasie 1 Lista lektur w klasie 2 Lista lektur w klasie 3 Lista lektur w klasie 4 [&hellip;]<\/p>\n","protected":false},"author":1,"featured_media":0,"parent":0,"menu_order":0,"comment_status":"closed","ping_status":"closed","template":"page-templates\/full-width-container.php","meta":{"_uag_custom_page_level_css":"","footnotes":""},"class_list":["post-996","page","type-page","status-publish","hentry"],"uagb_featured_image_src":{"full":false,"thumbnail":false,"medium":false,"medium_large":false,"large":false,"1536x1536":false,"2048x2048":false,"bizberg_medium":false,"bizberg_gallery":false,"bizberg_blog_list":false,"bizberg_detail_image":false,"bizberg_detail_image_no_sidebar":false,"bizberg_portfolio_homepage":false,"bizberg_blog_list_no_sidebar_1":false},"uagb_author_info":{"display_name":"admin","author_link":"https:\/\/www.splekawica.pl\/index.php\/author\/admin\/"},"uagb_comment_info":0,"uagb_excerpt":"Lista lektur w klasie 1 Lista lektur w klasie 2 Lista lektur w klasie 3 Lista lektur w klasie 4 [&hellip;]","_links":{"self":[{"href":"https:\/\/www.splekawica.pl\/index.php\/wp-json\/wp\/v2\/pages\/996","targetHints":{"allow":["GET"]}}],"collection":[{"href":"https:\/\/www.splekawica.pl\/index.php\/wp-json\/wp\/v2\/pages"}],"about":[{"href":"https:\/\/www.splekawica.pl\/index.php\/wp-json\/wp\/v2\/types\/page"}],"author":[{"embeddable":true,"href":"https:\/\/www.splekawica.pl\/index.php\/wp-json\/wp\/v2\/users\/1"}],"replies":[{"embeddable":true,"href":"https:\/\/www.splekawica.pl\/index.php\/wp-json\/wp\/v2\/comments?post=996"}],"version-history":[{"count":1,"href":"https:\/\/www.splekawica.pl\/index.php\/wp-json\/wp\/v2\/pages\/996\/revisions"}],"predecessor-version":[{"id":1000,"href":"https:\/\/www.splekawica.pl\/index.php\/wp-json\/wp\/v2\/pages\/996\/revisions\/1000"}],"wp:attachment":[{"href":"https:\/\/www.splekawica.pl\/index.php\/wp-json\/wp\/v2\/media?parent=996"}],"curies":[{"name":"wp","href":"https:\/\/api.w.org\/{rel}","templated":true}]}}

<h2 class="wp-block-heading"><strong>Lista lektur w klasie 1</strong></h2>



<ol class="wp-block-list">
<li>Jacob i Wilhelm Grimm, (oprac.) Bogusław Michalec&nbsp;<em>Jaś i Małgosia</em></li>



<li>Maria Kownacka,&nbsp;<em>Plastusiowy pamiętnik</em></li>



<li>Jan Brzechwa,&nbsp;<em>Sójka</em></li>



<li>Jacob i Wilhelm Grimm,&nbsp;<em>Muzykanci z Bremy</em></li>



<li>Hans Christian Andersen,&nbsp;<em>Nowe szaty cesarza</em></li>



<li>Jan Brzechwa,&nbsp;<em>Leń</em></li>



<li>Jan Brzechwa,&nbsp;<em>Żaba</em></li>



<li>Waldemar Cichoń,&nbsp;<em>Cukierku, ty łobuzie!</em></li>



<li>Charles Perrault,&nbsp;<em>Śpiąca królewna</em></li>



<li>Tove Jansson,&nbsp;<em>Opowiadania z Doliny Muminków</em></li>



<li>Wanda Chotomska,&nbsp;<em>Legenda o Smoku ze Smoczej Jamy</em></li>



<li>Jan Brzechwa,&nbsp;<em>Przyjście lata</em></li>
</ol>



<h2 class="wp-block-heading"><strong>Lista lektur w klasie 2</strong></h2>



<ol class="wp-block-list">
<li>Hans Christian Andersen,&nbsp;<em>Brzydkie kaczątko</em></li>



<li>Barbara Kosmowska,&nbsp;<em>Dziewczynka z parku</em></li>



<li>Grzegorz Kasdepke,&nbsp;<em>Detektyw Pozytywka</em></li>



<li>Danuta Wawiłow,<em>&nbsp;Najpiękniejsze wiersze</em></li>



<li>Astrid Lindgren,&nbsp;<em>Dzieci z Bullerbyn</em></li>



<li>Alina i Czesław Centkiewiczowie,&nbsp;<em>Zaczarowana zagroda</em></li>



<li>Justyna Bednarek,&nbsp;<em>Niesamowite przygody dziesięciu skarpetek (czterech prawych i sześciu lewych)</em></li>



<li>Hans Christian Andresen,&nbsp;<em>Calineczka</em></li>



<li>Danuta Parlach,&nbsp;<em>Kapelusz Pani Wrony</em></li>



<li>Maria Terlikowska,&nbsp;<em>Drzewo do samego nieba</em></li>



<li>Łukasz Wierzbicki,&nbsp;<em>Afryka Kazika</em></li>
</ol>



<h2 class="wp-block-heading"><strong>Lista lektur w klasie 3</strong></h2>



<ol class="wp-block-list">
<li>Hans Christian Andersen<em>&nbsp;Baśnie (do wyboru)</em></li>



<li>Jan Brzechwa<em>&nbsp;Grzyby</em></li>



<li>Roksana Jędrzejewska-Wróbel<em>&nbsp;Siedmiu Wspaniałych i sześć innych nie całkiem nieznanych historii</em></li>



<li>Ludwik Jerzy Kern<em>&nbsp;W królestwie kotów, Łapy pióra i rymów cała fura</em></li>



<li>Maria Konopnicka<em>&nbsp;Jak to ze lnem było</em></li>



<li>Maria Krüger<em>&nbsp;Dar rzeki Fly (wybrane baśnie i legendy)</em></li>



<li>Joanna Kulmowa<em>&nbsp;Zimowe słowiki lub inny tom wierszy poetki, np. Krześlaki z rozwianą grzywą</em></li>



<li>Astrid Lindgren<em>&nbsp;Dzieci z Bullerbyn (fragmenty)</em></li>



<li>Roman Pisarski<em>&nbsp;O psie, który jeździł koleją</em></li>



<li>Gianni Rodari<em>&nbsp;Historyjki o Alicji, która ciągle wpadała w kłopoty</em></li>



<li>Maurice Sendak<em>&nbsp;Tam, gdzie żyją dzikie stwory</em></li>



<li>Stefania Wortman<em>&nbsp;U złotego źródła. Baśnie polskie (lub inny zbiór polskich baśni i legend)</em></li>
</ol>



<h2 class="wp-block-heading"><strong>Lista lektur w klasie 4</strong></h2>



<p class="wp-block-paragraph"><strong><u>Lektury obowiązkowe:</u></strong></p>



<ol class="wp-block-list">
<li>„Akademia Pana Kleksa” Jan Brzechwa.</li>



<li>„Kajko i Kokosz. Szkoła latania.” Janusz Christa.</li>



<li>„Mikołajek” René Goscinny, Jean-Jacques Sempé.</li>



<li>„Opowieści z Narnii. Lew, czarownica i stara szafa” Clive Staples Lewis.</li>
</ol>



<p class="wp-block-paragraph"><strong><u>Lektury uzupełniające:</u></strong></p>



<ol class="wp-block-list">
<li>„Biały Mustang” Sat-Okh.</li>



<li>„ Król Maciuś Pierwszy” Janusz Korczak.</li>
</ol>



<h2 class="wp-block-heading"><strong>Lista lektur w klasie 5</strong></h2>



<p class="wp-block-paragraph"><strong><u>Lektury obowiązkowe:</u></strong></p>



<ol class="wp-block-list">
<li>„Chłopcy z Placu Broni” Ferenc Molnar.</li>



<li>„W pustyni i w puszczy” Henryk Sienkiewicz.</li>



<li>„Katarynka” Bolesław Prus.</li>



<li>„W pamiętniku Zofii Bobrówny” Juliusz Słowacki.</li>
</ol>



<p class="wp-block-paragraph"><strong><u>Lektury uzupełniające:</u></strong></p>



<ol class="wp-block-list">
<li>„Sposób na Alcybiadesa” Edmund Niziurski.</li>



<li>„Ania z Zielonego Wzgórza” Lucy Maud Montgomery.</li>
</ol>



<h2 class="wp-block-heading"><strong>Lista lektur w klasie 6</strong></h2>



<p class="wp-block-paragraph"><strong><u>Lektury obowiązkowe:</u></strong></p>



<ol class="wp-block-list">
<li>„Ten obcy” Irena Jurgielewiczowa.</li>



<li>„Szatan z siódmej klasy” Kornel Makuszyński.</li>



<li>„Hobbit, czyli tam i z powrotem” John Ronald Reuel Tolkien.</li>



<li>„Tajemniczy ogród” Frances Hodgson Burnett.</li>
</ol>



<h2 class="wp-block-heading"><strong>Lista lektur w klasie 7</strong></h2>



<p class="wp-block-paragraph"><strong><u>Lektury obowiązkowe:</u></strong></p>



<ol class="wp-block-list">
<li>„Zemsta” Aleksander Fredro.</li>



<li>„Opowieść wigilijna” Charles Dickens.</li>



<li>Reduta Ordona, Śmierć Pułkownika, Świtezianka, Dziady (cz.II), wybrany utwór z cyklu Sonety krymskie Adam Mickiewicz.</li>



<li>„Syzyfowe prace” Stefan Żeromski.</li>



<li>„Quo vadis” Henryk Sienkiewicz.</li>



<li>„ Latarnik” Henryk Sienkiewicz.</li>



<li>„Żona modna” Ignacy Krasicki.</li>
</ol>



<p class="wp-block-paragraph"><strong><u>Lektury uzupełniające:</u></strong></p>



<ul class="wp-block-list">
<li>Dywizjon 303 – Arkady Fiedler</li>



<li>Stary człowiek i morze – Ernest Hemingway</li>
</ul>



<h2 class="wp-block-heading"><strong>Lista lektur w klasie 8</strong></h2>



<p class="wp-block-paragraph"><strong><u>Lektury obowiązkowe:</u></strong></p>



<ol class="wp-block-list">
<li>„Mały Książę” Antoine de Saint-Exupéry.</li>



<li>„Artysta” Sławomir Mrożek.</li>



<li>„Balladyna” Juliusz Słowacki</li>



<li>„Kamienie na szaniec” Aleksander Kamiński.</li>



<li>„Pan Tadeusz” Adam Mickiewicz.</li>



<li>„Ziele na kraterze” (fragmenty), „Tędy i owędy” (wybrany reportaż) Melchior Wańkowicz.</li>
</ol>



<p class="wp-block-paragraph"><strong><u>Lektury uzupełniające:</u></strong></p>



<ul class="wp-block-list">
<li>„Oskar i pani Róża” Eric-Emmanuel Schmitt.</li>



<li>„Pamiętnik z powstania warszawskiego” Miron Białoszewski.</li>
</ul>
